inder when 4156 is divided by 81.
25
What is the remainder when 47712 is divided by 457?
184
Calculate the remainder when 99356 is divided by 571.
2
Calculate the remainder when 4023 is divided by 61.
58
Calculate the remainder when 1217 is divided by 78.
47
What is the remainder when 1489 is divided by 235?
79
What is the remainder when 51909 is divided by 84?
81
What is the remainder when 13308 is divided by 3128?
796
What is the remainder when 123 is divided by 99?
24
Calculate the remainder when 13972 is divided by 17.
15
Calculate the remainder when 43121 is divided by 3079.
15
Calculate the remainder when 375969 is divided by 52.
9
Calculate the remainder when 11799 is divided by 200.
199
Calculate the remainder when 2144 is divided by 1993.
151
What is the remainder when 18373 is divided by 9152?
69
What is the remainder when 95533 is divided by 559?
503
Calculate the remainder when 8837 is divided by 2919.
80
Calculate the remainder when 2148 is divided by 127.
116
What is the remainder when 88132 is divided by 452?
444
What is the remainder when 2901 is divided by 12?
9
Calculate the remainder when 3549580 is divided by 47.
46
What is the remainder when 4595274 is divided by 219?
216
Calculate the remainder when 462 is divided by 364.
98
Calculate the remainder when 224926 is divided by 149.
85
Calculate the remainder when 171338 is divided by 392.
34
Calculate the remainder when 23034 is divided by 720.
714
What is the remainder when 66837 is divided by 81?
12
What is the remainder when 136346 is divided by 2199?
8
Calculate the remainder when 2882 is divided by 1330.
222
What is the remainder when 2462 is divided by 408?
14
Calculate the remainder when 1562 is divided by 586.
390
Calculate the remainder when 903632 is divided by 7.
2
What is the remainder when 258 is divided by 69?
51
What is the remainder when 634 is divided by 614?
20
Calculate the remainder when 13511 is divided by 897.
56
Calculate the remainder when 22006 is divided by 218.
206
What is the remainder when 517 is divided by 32?
5
What is the remainder when 6567 is divided by 2181?
24
What is the remainder when 1245844 is divided by 42?
40
What is the remainder when 8188 is divided by 64?
60
Calculate the remainder when 794235 is divided by 1460.
1455
Calculate the remainder when 9722 is divided by 4856.
10
What is the remainder when 832581 is divided by 339?
336
Calculate the remainder when 16799 is divided by 56.
55
Calculate the remainder when 56064 is divided by 11.
8
What is the remainder when 567372 is divided by 367?
357
Calculate the remainder when 27591 is divided by 3446.
23
Calculate the remainder when 36890 is divided by 39.
35
What is the remainder when 32627 is divided by 6520?
27
What is the remainder when 14387 is divided by 6979?
429
Calculate the remainder when 780 is divided by 433.
347
What is the remainder when 200557 is divided by 8355?
37
What is the remainder when 30471 is divided by 15233?
5
Calculate the remainder when 12420 is divided by 115.
0
What is the remainder when 1671 is divided by 624?
423
What is the remainder when 61144 is divided by 52?
44
What is the remainder when 21634 is divided by 7193?
55
Calculate the remainder when 2585396 is divided by 101.
99
Calculate the remainder when 3542 is divided by 700.
42
What is the remainder when 29691 is divided by 323?
298
Calculate the remainder when 12366 is divided by 45.
36
What is the remainder when 31143 is divided by 15569?
5
Calculate the remainder when 5132 is divided by 270.
2
Calculate the remainder when 1307 is divided by 821.
486
What is the remainder when 1335 is divided by 1287?
48
What is the remainder when 38671 is divided by 96?
79
What is the remainder when 51380 is divided by 8562?
8
What is the remainder when 189813 is divided by 123?
24
Calculate the remainder when 29099 is divided by 194.
193
What is the remainder when 18992 is divided by 512?
48
What is the remainder when 24913 is divided by 18?
1
What is the remainder when 996 is divided by 993?
3
Calculate the remainder when 1128 is divided by 31.
12
What is the remainder when 7760 is divided by 5001?
2759
Calculate the remainder when 5676307 is divided by 652.
647
What is the remainder when 7724 is divided by 121?
101
Calculate the remainder when 589395 is divided by 386.
359
Calculate the remainder when 49085 is divided by 41.
8
Calculate the remainder when 153404 is divided by 51088.
140
What is the remainder when 1930728 is divided by 35?
23
What is the remainder when 3965 is divided by 174?
137
What is the remainder when 49656 is divided by 12409?
20
What is the remainder when 6385 is divided by 27?
13
What is the remainder when 9941 is divided by 126?
113
What is the remainder when 2448 is divided by 406?
12
What is the remainder when 2591574 is divided by 597?
594
What is the remainder when 10420 is divided by 36?
16
Calculate the remainder when 1548 is divided by 225.
198
What is the remainder when 11159 is divided by 2786?
15
What is the remainder when 99830 is divided by 29?
12
Calculate the remainder when 33273 is divided by 16592.
89
What is the remainder when 24789 is divided by 8261?
6
Calculate the remainder when 472 is divided by 458.
14
What is the remainder when 47102 is divided by 12?
2
Calculate the remainder when 29951 is divided by 14912.
127
Calculate the remainder when 956241 is divided by 1924.
13
What is the remainder when 11147 is divided by 93?
80
Calculate the remainder when 962133 is divided by 54.
15
What is the remainder when 3236 is divided by 45?
41
What is the remainder when 2341 is divided by 2296?
45
What is the remainder when 424623 is divided by 362?
359
Calculate the remainder when 87889 is divided by 611.
516
Calculate the remainder when 15572 is divided by 61.
17
Calculate the remainder when 109440 is divided by 227.
26
Calculate the remainder when 17377 is divided by 55.
52
What is the remainder when 116268 is divided by 1510?
1508
Calculate the remainder when 20939 is divided by 295.
289
What is the remainder when 28318 is divided by 69?
28
What is the remainder when 139049 is divided by 137?
131
Calculate the remainder when 22354 is divided by 31.
3
What is the remainder when 1539406 is divided by 16?
14
Calculate the remainder when 4936 is divided by 78.
22
Calculate the remainder when 4304 is divided by 1018.
232
Calculate the remainder when 21264 is divided by 495.
474
What is the remainder when 1204670 is divided by 221?
220
What is the remainder when 474 is divided by 215?
44
Calculate the remainder when 11961 is divided by 423.
117
Calculate the remainder when 34720 is divided by 352.
224
Calculate the remainder when 40213 is divided by 10009.
177
Calculate the remainder when 1473 is divided by 1446.
27
Calculate the remainder when 18841 is divided by 2091.
22
What is the remainder when 411 is divided by 132?
15
Calculate the remainder when 45065 is divided by 2647.
66
What is the remainder when 28806 is divided by 69?
33
Calculate the remainder when 5237 is divided by 47.
20
Calculate the remainder when 52193 is divided by 2170.
113
What is the remainder when 129313 is divided by 129310?
3
What is the remainder when 21659 is divided by 249?
245
What is the remainder when 4291807 is divided by 1764?
1759
Calculate the remainder when 251 is divided by 90.
71
Calculate the remainder when 4406 is divided by 307.
108
Calculate the remainder when 37231 is divided by 245.
236
Calculate the remainder when 512 is divided by 87.
77
What is the remainder when 13093 is divided by 25?
18
Calculate the remainder when 328 is divided by 45.
13
What is the remainder when 28636 is divided by 9479?
199
What is the remainder when 12403924 is divided by 167?
166
Calculate the remainder when 1577251 is divided by 525746.
13
Calculate the remainder when 3482 is divided by 17.
14
What is the remainder when 4091 is divided by 38?
25
What is the remainder when 63446 is divided by 3732?
2
Calculate the remainder when 548419 is divided by 14432.
3
Calculate the remainder when 9845 is divided by 309.
266
Calculate the remainder when 497 is divided by 52.
29
What is the remainder when 6524 is divided by 3261?
2
Calculate the remainder when 10242 is divided by 427.
421
What is the rema